62
Let a(j) = -5*j**3 + 4*j**2 - 2728*j + 8192. Determine a(3).
-91
Let o(j) = -22*j**2 - 208*j - 1268. Give o(-6).
-812
Let o(i) = -93*i**2 + 1603*i + 7329. Give o(21).
-21
Let h(c) = 28547*c - 2198136. Determine h(77).
-17
Let q(r) = -r**3 - 37*r**2 - 52*r - 1926. What is q(-37)?
-2
Let x(c) = 30*c**2 - 784*c - 1580. What is x(28)?
-12
Let u(q) = 7939*q + 222402. Give u(-28).
110
Let n(o) = o**2 + 55*o + 523. Calculate n(-40).
-77
Let o(i) = -4071*i + 3848. Calculate o(1).
-223
Let a(v) = 970*v + 4104. What is a(0)?
4104
Let d(a) = -a**3 + 677*a**2 + 6175*a - 14. What is d(-9)?
-23
Let r(y) = 15*y**2 - 5586*y + 132215. Give r(347).
8
Let q(k) = -2*k**3 + 66*k**2 - k - 81. What is q(33)?
-114
Let w(u) = 163*u - 1977. What is w(52)?
6499
Let c(j) = j**3 - 48*j**2 - 654*j - 49. Calculate c(-11).
6
Let r(k) = -5482*k + 3634550. What is r(663)?
-16
Let u(n) = 811*n - 34927. Calculate u(44).
757
Let l(n) = -2*n**3 + 27*n**2 + 7545*n - 105423. Calculate l(14).
11
Let k(f) = f**2 + 1158*f + 33706. Give k(-30).
-134
Let j(w) = w**2 + 16*w - 624. What is j(18)?
-12
Let b(u) = 4599*u - 1513137. Determine b(329).
-66
Let m(u) = -2*u**3 + 19*u**2 + 47*u + 8. Calculate m(13).
-564
Let o(y) = 3*y**2 + 24*y - 366. Give o(11).
261
Let p(g) = 11*g**3 - 550*g**2 + 5*g - 194. What is p(50)?
56
Let f(r) = 3*r**3 + 213*r**2 + 1002*r - 2. Calculate f(-5).
-62
Let x(r) = 1329*r - 349514. Calculate x(263).
13
Let z(l) = l**3 + 92*l**2 - 282*l + 96. What is z(-95)?
-189
Let r(k) = 270*k - 22926. Give r(85).
24
Let y(u) = 99*u + 26647. What is y(-265)?
412
Let v(m) = 4*m**3 + 520*m**2 + 41*m - 467. What is v(-130)?
-5797
Let n(p) = -4403*p - 61660. Determine n(-14).
-18
Let m(s) = 21862*s + 721407. Give m(-33).
-39
Let p(j) = 827*j - 59541. Determine p(73).
830
Let d(s) = -1028288*s + 3084859. Determine d(3).
-5
Let c(u) = -u**3 + 25*u**2 - 13*u + 319. Determine c(25).
-6
Let x(h) = 2*h**2 - 874*h + 26667. Give x(33).
3
Let q(s) = s**3 - 62*s**2 - 121*s + 3835. Calculate q(63).
181
Let h(n) = -n**3 - 33*n**2 - 95*n - 134. What is h(-30)?
16
Let t(q) = -9672*q - 580203. Give t(-60).
117
Let x(l) = 3*l**3 - 19*l**2 - 27941*l + 195485. Calculate x(7).
-4
Let y(t) = -89*t**2 + 12691*t + 4974. Determine y(143).
-174
Let w(m) = -66*m + 1393. Calculate w(20).
73
Let n(j) = -12*j**2 - 303*j + 11. Calculate n(-24).
371
Let c(f) = -f**3 - 46*f**2 + 251*f + 2239. Determine c(-50).
-311
Let k(h) = -57*h**2 - 45546*h - 2401. Determine k(-799).
-4
Let s(w) = -w**3 - 96*w**2 - 854*w - 97. What is s(-10)?
-157
Let c(q) = -3*q**3 + 1612*q**2 + 8147*q + 75. Give c(-5).
15
Let z(b) = -45*b**2 - 93*b + 37. What is z(-3)?
-89
Let b(h) = 117280*h - 820962. What is b(7)?
-2
Let x(o) = -o**3 - 7*o**2 + 2141*o - 415. Give x(-50).
35
Let o(s) = -s**3 + 27*s**2 - 86*s + 126. Determine o(18).
1494
Let v(u) = 69*u**2 - 562*u + 884. Give v(6).
-4
Let l(d) = d**3 + 82*d**2 + 429*d - 2034. Calculate l(-76).
18
Let c(n) = 3353365*n - 20120182. Calculate c(6).
8
Let q(y) = 299*y + 54598. Give q(-183).
-119
Let w(t) = 112936*t - 3275143. What is w(29)?
1
Let d(k) = 2*k**3 - 96*k**2 + 232*k - 16731. Calculate d(49).
-561
Let z(j) = 721*j**2 - 921*j + 3. Determine z(1).
-197
Let u(i) = i**3 + 17*i**2 - 321*i - 320. Give u(-28).
44
Let a(p) = -2*p**3 + 986*p**2 - 427*p + 210386. Give a(493).
-125
Let u(l) = -5473*l + 104199. What is u(19)?
212
Let x(g) = 21191*g - 317855. What is x(15)?
10
Let m(h) = 12104*h + 169322. Determine m(-14).
-134
Let l(b) = -18511*b + 16326710. Calculate l(882).
8
Let l(c) = -124*c**3 - 11*c**2 - 8*c + 15. Give l(1).
-128
Let c(h) = 227*h**2 + 19069*h + 119. What is c(-84)?
35
Let a(p) = p**3 - 42*p**2 - 1585*p + 78. Determine a(66).
12
Let t(r) = 39519*r - 79052. What is t(2)?
-14
Let v(b) = b**2 + 251*b + 11098. Calculate v(-193).
-96
Let p(v) = -5766*v - 80584. Determine p(-14).
140
Let a(r) = 4*r**3 + 99*r**2 - 318*r - 4891. Give a(-26).
-3
Let y(x) = -362*x + 34766. Determine y(93).
1100
Let p(x) = 12*x**2 + 58*x + 42. Calculate p(-4).
2
Let h(v) = -v**3 + v**2 - 55*v + 510. Determine h(6).
0
Let v(n) = -8*n**2 - 934*n - 17015. What is v(-95)?
-485
Let x(h) = 12*h**2 + 86*h - 84. Calculate x(11).
2314
Let c(a) = a**2 + 405*a + 39449. What is c(-236)?
-435
Let z(v) = 14*v**2 - 42*v - 705. Determine z(-5).
-145
Let l(o) = -10*o**3 + 5421*o**2 - 551*o + 4872. Calculate l(542).
-6
Let v(a) = -267*a + 20667. Give v(77).
108
Let t(z) = 23128*z + 462390. Determine t(-20).
-170
Let i(f) = 21*f**3 - 114*f**2 + 85*f - 221. What is i(3)?
-425
Let r(w) = -357*w**2 + 4840*w - 9679. Give r(2).
-1427
Let z(m) = -98*m + 2899. Give z(31).
-139
Let t(i) = -2*i**3 - 122*i**2 - 446*i - 12399. Give t(-59).
-9
Let l(p) = -336*p**2 + 1887*p + 104. Calculate l(6).
-670
Let v(n) = -2*n**2 - 473*n + 8046. Determine v(16).
-34
Let r(a) = 25*a**2 + 387*a - 594. Calculate r(-17).
52
Let j(m) = 4*m**3 + 81*m**2 + 110*m + 1712. Give j(-20).
-88
Let q(o) = o**3 + 39*o**2 - 11*o - 4248. Determine q(-36).
36
Let x(w) = 59*w**2 - 11096*w - 406. What is x(188)?
-1158
Let h(n) = 483*n + 56510. Give h(-117).
-1
Let m(r) = -29*r**2 - 470*r + 7. Determine m(-16).
103
Let d(o) = -4845*o - 785124. What is d(-162)?
-234
Let x(g) = 11162*g + 66929. What is x(-6)?
-43
Let l(q) = -275*q + 13711. Give l(43).
1886
Let x(y) = -482*y - 24616. Give x(-52).
448
Let u(n) = -n**2 + 111*n + 1048. Calculate u(-9).
-32
Let x(h) = -29*h**3 - 39*h**2 + 309*h + 620. What is x(-2)?
78
Let h(c) = -17184*c**2 + 549886*c + 68. Determine h(32).
4
Let u(j) = -244736*j + 3181563. What is u(13)?
-5
Let p(h) = h**2 - 121*h + 1840. Calculate p(103).
-14
Let s(l) = 27*l**2 + 1655*l + 8269. Determine s(-5).
669
Let a(m) = -m**3 + 6*m**2 + 47*m + 125. Determine a(12).
-175
Let f(t) = 227290*t + 15683015. Calculate f(-69).
5
Let j(b) = -59682*b - 178032. Determine j(-3).
1014
Let b(v) = -v**3 - 551*v**2 + 3898*v - 4503. Calculate b(-558).
-39
Let b(f) = 26303*f - 6917669. Determine b(263).
20
Let p(q) = q**2 + 1298*q + 280270. What is p(-274)?
-306
Let m(n) = 2012*n + 116689. What is m(-58)?
-7
Let t(m) = 2*m**2 - 1725*m - 216137. What is t(-111)?
-20
Let w(t) = t**3 + 53*t**2 + 65*t + 813. Calculate w(-52).
137
Let d(b) = 9*b**2 - 20*b - 199. Give d(-9).
710
Let q(c) = 91844*c + 2204291. Calculate q(-24).
35
Let a(m) = -1166*m - 69618. Give a(-60).
342
Let c(l) = 4*l**2 - 448*l + 6808. Give c(18).
40
Let j(v) = -4500*v - 1052996. Calculate j(-234).
4
Let j(q) = 133*q**3 + 15*q**2 + 40*q + 5. Calculate j(-3).
-3571
Let q(i) = i**3 - 21*i**2 + 28*i + 31. Give q(20).
191
Let k(r) = r**2 - 5979*r - 1102291. Give k(-179).
-9
Let o(n) = 9*n**2 + 297*n + 558. What is o(-3)?
-252
Let n(i) = -i**3 - 36*i**2 - 305*i + 222. What is n(-21)?
12
Let o(a) = 573*a + 55. Determine o(1).
628
Let k(v) = 24810*v - 173619. Determine k(7).
51
Let w(p) = 2*p**3 + 257*p**2 - 5441*p - 246. Give w(-147).
48
Let z(d) = -207*d + 2912. Give z(12).
428
Let y(q) = -650*q + 1198. What is y(1)?
548
Let u(z) = z**3 - z**2 - 4357*z - 17345. Calculate u(-4).
3
Let a(c) = 18*c**3 + 121*c**2 + 28*c + 22. Determine a(-7).
-419
Let f(s) = -s**3 + 231*s**2 - 12882*s + 438. Calculate f(94).
62
Let v(o) = -478*o + 69375. Give v(141).
1977
Let y(k) = -2*k**3 - 13*k**2 - 47144*k - 282832. Calculate y(-6).
-4
Let k(u) = -2*u**3 - 806*u**2 + 1664*u + 17824. Calculate k(-405).
4
Let a(c) = c**2 + 143*c - 496. What is a(4)?
92
Let q(k) = -2*k**2 - 565*k + 7059. What is q(12)?
-9
Let j(v) = v**2 - 17*v - 1223. Give j(-21).
-425
Let x(l) = 7*l**3 - 756*l**2 - 744*l + 438. Determine x(109).
2509
Let h(p) = -784*p + 10786. Determine h(13).
594
Let c(z) = 2*z**3 + 141*z**2 - 228*z + 1687. Determine c(-72).
2551
Let b(o) = 14267*o - 5293051. Determine b(371).
6
Let b(g) = 2198*g - 96843. Determine b(44).
-131
Let h(p) = 53*p**2 + 63*p - 24273. Calculate h(-22).
-7
Let j(h) = -742*h - 28362. Calculate j(-38).
-166
Let i(q) = q**2 + 1322*q + 97032. Calculate i(-78).
0
Let a(w) = -302*w + 30526. Calculate a(101).
24
Let g(v) = -v**3 - 53*v**2 - 20*v - 330. Calculate g(0).
-330
Let h(o) = o**2 + 139*o + 2314. Determine h(-123).
346
Let l(a) = -4*a**2 - 979*a + 228191. Determine l(146).
-7
Let i(b) = 16*b**3 + 188*b**2 + 727*b - 29. Give i(-4).
-953
Let z(h) = 768*h + 13790. Determine z(-17).
734
L